ative of u**5/20 + 5*u**4/6 - 13*u**3/6 - u**2/2 + 12*u. What is the remainder when 60 is divided by f(g)?
18
Let l(k) = 4*k**2 - 15*k - 7. What is the remainder when l(6) is divided by 11?
3
Let j(o) = 3*o + 61. Let p be j(-24). Let n be (17/3)/(1/(-3)). Let c = p - n. What is the remainder when c is divided by 2?
0
Let c = 230 + -204. What is the remainder when 96 is divided by c?
18
Suppose 0 = 2*q + 30*a - 28*a - 194, 5*q = -3*a + 479. Calculate the remainder when q is divided by 27.
13
Let u(n) = 16*n - 328. What is the remainder when u(28) is divided by 54?
12
Suppose 201 + 297 = 6*q. Calculate the remainder when q is divided by 28.
27
Suppose -3*f - 5*r + 174 = 0, 4*f = 2*r + 64 + 168. What is the remainder when f is divided by 12?
10
Calculate the remainder when (-447)/(55/(-10) + 4) is divided by 15.
13
Suppose -3*d - 25 = -c + 1, -2*c + 52 = -2*d. What is the remainder when 596 is divided by c?
24
Let z(p) = 2*p**2 - 14*p + 22. Let r be z(12). Calculate the remainder when ((-2)/7)/((-48)/84)*r is divided by 25.
21
Let z(s) = -2*s**3 - 5*s**2 + 2*s - 5. Let i(h) = h**3 - 5*h**2 + 2*h + 2. Calculate the remainder when z(-4) is divided by i(5).
11
Suppose -3*h - 2*h + 165 = 0. Let c = h + 6. Let x = -9 - -19. What is the remainder when c is divided by x?
9
Suppose 2*b = -4*q + 110, 4*q + 13*b - 101 = 8*b. Calculate the remainder when 157 is divided by q.
12
Let s(x) = -x**3 - 7*x**2 + 3*x - 9. Suppose -3*p - 28 = 2*r, 2*r = -r + 2*p - 16. What is the remainder when 92 is divided by s(r)?
30
Let c = 13 + 96. Let x = c - 67. Let u = x - 28. Calculate the remainder when 68 is divided by u.
12
What is the remainder when (-10)/(-175) + (-231330)/(-350) is divided by 17?
15
Calculate the remainder when -3 - (-8)/(-8) - (-462)/1 is divided by 27.
26
Let n = 147 + -135. Calculate the remainder when n is divided by 7.
5
Let s(j) = -3*j + 12. Let x be s(-5). Let n = x - 9. What is the remainder when 105 is divided by n?
15
Suppose -10*k = 13*k - 851. Calculate the remainder when 184 is divided by k.
36
Let b(i) = 129*i + 1. Let z be b(1). Suppose 5*p = -0*p + z. Let l = -12 - -26. Calculate the remainder when p is divided by l.
12
Let p be (0 + 12/9)*3. Suppose -2*t - p = 5*z, 4*z + 0*z = -5*t - 10. Suppose 3*s - 56 + 5 = z. Calculate the remainder when s is divided by 10.
7
Suppose 3*k + 2*k = 170. Let f = 54 - k. Calculate the remainder when f is divided by 12.
8
Suppose 4*t = -q + 8 + 60, -4*t = -4*q + 192. What is the remainder when q is divided by 41?
11
Suppose p = -5*s + 117, s - 6*p - 15 = -9*p. Calculate the remainder when 1510 is divided by s.
22
Suppose 1517 = 13*u - 342. Calculate the remainder when u is divided by 142.
1
Suppose -3*k - 39 = -3*a, -k - 3*k = 5*a - 47. Suppose -5*b = -3*x - 84, -2*x + a = b + 2. What is the remainder when b is divided by 54/(-15)*(-40)/24?
3
Let y = 16 - -6. Calculate the remainder when y is divided by (15/(-45))/(2/(-30)).
2
Let p(i) be the third derivative of -1/120*i**6 + 7/12*i**4 + 0*i + 1/6*i**5 + 2*i**2 - 4*i**3 + 0. What is the remainder when 33 is divided by p(11)?
6
Let p = -359 + 374. Calculate the remainder when 44 is divided by p.
14
Let x(f) = -f**3 + 6*f**2 + 25*f + 14. Let l be x(9). Calculate the remainder when (2 + 15/(-6))/(l/192) is divided by 5.
4
Let z = -68 - -110. What is the remainder when 168 - 0 - 0 - (177 + -175) is divided by z?
40
What is the remainder when 23 is divided by 54/270 + 59/5?
11
Suppose -132 = 49*m - 52*m. Let p = -9 - -21. Calculate the remainder when m is divided by p.
8
Suppose 10*i + 112 = 24*i. What is the remainder when 452 is divided by i?
4
Suppose 0 = 4*c - 0*c + 4*h - 12, 5*h = 4*c + 15. Suppose -2*m + 5*n = -90 - 46, c = -3*n - 12. What is the remainder when m is divided by 12?
10
Calculate the remainder when 585 is divided by -7 + (182/(-6))/(35/(-105)).
81
Suppose -3*o + 22 = 5*l, o + 16 - 14 = -4*l. What is the remainder when 193 is divided by o?
11
Let x = 7 - 5. What is the remainder when (-228)/(-8) + x/(-4) is divided by ((-40)/(-6))/((-16)/(-24))?
8
Let s = 825 - 823. Calculate the remainder when 174 is divided by s.
0
Suppose -n + 24 = 4*w, 2*w = n - 0*w + 6. Calculate the remainder when 108 is divided by n.
0
Suppose 4*g + 44 - 120 = 0. Suppose -3*m + 2*a = -18, 2*m + a - 6 - 13 = 0. Let z = m + g. What is the remainder when z is divided by 10?
7
Let r = -31 - -43. Let o(p) be the first derivative of 4*p**3/3 + 3*p**2/2 - p - 7. Calculate the remainder when o(2) is divided by r.
9
Let x = 89 + -40. Suppose -a = 2*a - 39. What is the remainder when x is divided by a?
10
Let t(f) = f**3 + 49*f**2 - 50*f + 81. Suppose -i + 2 = -3*b - 25, 0 = -b - 2. What is the remainder when t(-50) is divided by i?
18
Let w = 13 + -9. Suppose w*t - 15 = -t. Suppose 2*y + t*d - 66 = -d, 5*y - 189 = 2*d. Calculate the remainder when y is divided by 19.
18
Let j(z) = -z**2 + 27*z + 39. What is the remainder when 87 is divided by j(28)?
10
Calculate the remainder when 608 is divided by (42/(-105))/(1/(-170)).
64
Suppose 8 = t + 6. Suppose -2*v - 5*l - 37 = 0, -4*v + l - 81 = -v. What is the remainder when (91/v)/((-2)/4) is divided by t?
1
Let w(o) = o**3 + 8*o**2 + 10*o + 8. Let z be w(-6). Let j = -9 + z. What is the remainder when (6/8)/(1/56) is divided by j?
9
Suppose -14*n = -19*n - 15, -4*p = 4*n - 68. Suppose -5*r - y + 295 = -3*y, -r + y + 62 = 0. Calculate the remainder when r is divided by p.
17
Suppose 0 = x + 241 - 691. Suppose 3*a + 0*a = b - 73, 5*b + 2*a = x. Suppose 0*q = q - 15. What is the remainder when b is divided by q?
13
Let c(f) = 9*f - 10. Let z be c(3). Suppose -7*o + z + 67 = 0. What is the remainder when 2/(-1) - (-72)/2 is divided by o?
10
Let w be ((-6)/6)/(1/(-1)). Calculate the remainder when (9 + 4)*18/(2/w) is divided by 30.
27
Let n(w) = -10*w + 1. Suppose 3*f - 5*y = 9 + 68, -2*y + 62 = 2*f. What is the remainder when f is divided by n(-1)?
7
Let v(r) = 118*r**2 + 2*r. Let c be v(-1). Let m = -109 + c. What is the remainder when 23 is divided by m?
2
Suppose 3*m = 123 + 309. What is the remainder when m is divided by (-234)/(-8) + (-1)/4?
28
Suppose s = 23 - 6. Suppose -k - 4 + s = 0. Let x = 115 - 64. What is the remainder when x is divided by k?
12
Let w(t) = t - 17. Let c be w(9). Let m = 18 + c. Suppose -4 + 29 = q - 4*l, 2*q = 2*l + 56. What is the remainder when q is divided by m?
9
Let w = 7 - 1. Suppose -p - 2*p = 4*q - 19, -9 = -3*q + 3*p. Calculate the remainder when w is divided by q.
2
Let s(w) = 3*w**3 - 8*w**2 + 2*w - 1. Let m be s(6). Let h = m + -153. What is the remainder when h is divided by 44?
42
Let x = -1863 + 2095. Calculate the remainder when x is divided by 17.
11
Let v = -139 + 333. What is the remainder when v is divided by 65?
64
Let p be 170/6 - 3/9. Suppose -3*j - 2*q = -7*q - p, 2*j - q = 28. Suppose -2*c - 6 = -t, -7*c = -5*t - 9*c + 30. What is the remainder when j is divided by t?
4
Suppose -123 = 12*v + 21. Let a = 3 - -1. Calculate the remainder when 3/v + ((-148)/(-16) - 0) is divided by a.
1
Let z = -91 - -222. Let u = 3199 - 3166. Calculate the remainder when z is divided by u.
32
Suppose -10 = 5*c, -g + 3*c = 2*g - 21. Suppose 4*i + 55 = g*i. What is the remainder when i is divided by 12?
7
Let x(w) = w**3 + 13*w**2 + 23*w + 26. What is the remainder when x(-9) is divided by 36?
35
Suppose -5 = 22*m - 17*m, -2*m = 2*l - 560. Calculate the remainder when l is divided by 135.
11
Suppose 2 = -2*k - 0*y - 5*y, -y = -5*k + 22. Suppose -k*t + 45 + 107 = 0. What is the remainder when t is divided by 13?
12
Let v(z) = -142*z - 21. Calculate the remainder when v(-1) is divided by 61.
60
Suppose -174*h + 171*h = q - 180, 2*q + 250 = 4*h. Calculate the remainder when 972 is divided by h.
57
Calculate the remainder when 124 is divided by (-2)/(-5 - (-452)/92).
9
Suppose -6*t - 71 = 115. Let u = 53 + t. What is the remainder when 39 is divided by u?
17
Suppose -2*w + 0 - 2 = 0. Calculate the remainder when w + 23 - (-3 + 3) is divided by -2*((-4)/(-2) + -6).
6
Suppose 0 = 2*u - 3*g + 5*g + 68, -2*u - 56 = -g. What is the remainder when 1124/10 + 12/u is divided by 57?
55
What is the remainder when 31 is divided by (-598)/(-46) - (-5)/((-15)/(-12))?
14
Suppose -2*w = -t - 69, t + 4 = 3. What is 